or of 88 and i.
8
Let v(f) = -f**3 + 5*f**2 + 7*f + 1. Let b be v(5). Let i(o) = o**3 + 4*o**2 - 2*o + 3. Let y be i(-3). What is the highest common factor of y and b?
18
Suppose 3*m - 7 = -1. Suppose 3*n + m*n - 35 = 0. What is the highest common factor of 77 and n?
7
Let m = -180 + 316. Let t be m/6 - 2/3. Calculate the greatest common factor of 33 and t.
11
Let y be 30 + (-3 - -2 - -1). Suppose -2*q - q + 135 = 0. Calculate the greatest common factor of y and q.
15
Suppose 0 = -5*m + 415 - 90. Calculate the greatest common divisor of m and 13.
13
Let b be (2 - -18)*48/5. Suppose -2*a + 5*s + b - 16 = 0, 498 = 5*a + 2*s. What is the greatest common factor of 14 and a?
14
Let z(m) = m**3 - 3*m**2 - 4*m - 7. Let t be z(5). Let s be 23/(-2 + (-18)/(-8)). Calculate the highest common factor of s and t.
23
Let k(p) = -p**2 + 4*p + 1. Let f be k(3). Suppose -f*l - 13 = 5*n - 166, -l + 162 = 5*n. Calculate the highest common factor of 3 and n.
3
Let l = -41 - -81. Calculate the greatest common factor of l and 10.
10
Let k be (-102)/(-5) + -2 - (-2)/(-5). Calculate the greatest common divisor of 2 and k.
2
Suppose -1064 = -26*f + 418. Let p(t) = -t**2 + t + 2. Let g be p(0). Let v(h) = 19*h. Let n be v(g). What is the greatest common factor of n and f?
19
Let k = 0 + 4. Let s(l) = -6*l + 29. Let t be s(4). Let u be t - (k + -3 + 1). What is the greatest common divisor of u and 12?
3
Let v be 2/4*(-2 - -2). Let r be (-14)/(2 + (v - 4)). Calculate the greatest common divisor of 63 and r.
7
Let k be (-6)/(3 + -5) - -50. Suppose -4*p + k = -199. Calculate the highest common factor of 9 and p.
9
Suppose 4*v = -1 + 57. What is the greatest common factor of v and 21?
7
Let y(m) = m**3 + 4*m**2 - m - 2. Let q be y(-4). Suppose 0 = s - q, 3 = d + 3*s - 6. Let a be (-1 - d/(-9))*-21. What is the highest common divisor of 2 and a?
2
Let w(z) be the first derivative of 25/2*z**2 - z - 1. Let n be w(1). What is the highest common factor of n and 8?
8
Let i(w) = 8*w + 11. Let t be i(8). What is the greatest common factor of t and 15?
15
Let i = 445 + -112. What is the highest common divisor of 37 and i?
37
Let r be 57/6 - (-5)/(-10). Calculate the highest common divisor of r and 72.
9
Let s = 181 + 50. Calculate the highest common divisor of s and 21.
21
Let k = -16 + 40. Calculate the highest common divisor of 32 and k.
8
Let q = -1 + 3. Suppose -q*i - 9 = -29. Let l be (-72)/i*(-20)/3. What is the highest common factor of l and 16?
16
Let i(s) = -4*s. Let b = 1 + -4. Let m be i(b). Calculate the highest common factor of m and 4.
4
Suppose -2*q + 6 = -q. Let r be (6/4)/(q/8). Suppose -r*i = -0*i - 50. Calculate the greatest common divisor of 125 and i.
25
Suppose -19 = -d + 11. What is the highest common divisor of d and 10?
10
Suppose -2*y + 5 = -15. What is the highest common factor of y and 4?
2
Suppose -3*t = -41 - 22. Let h = -12 + t. Let y be (-56)/(-40) + (-6)/15. Calculate the greatest common factor of y and h.
1
Let j be 138/30 + (-2)/(-5). Suppose -3*i + 5*i - 18 = 2*o, 0 = j*i + 5*o + 5. What is the highest common divisor of i and 36?
4
Let m = 23 - 41. Let v = m + 81. Calculate the greatest common divisor of v and 7.
7
Let v = -4 - -17. Let f(y) = 19*y - 1. Let h be f(7). Let c = h + 11. What is the highest common divisor of c and v?
13
Suppose b - 3*l = 6, -3*b + 2*l + 50 = l. Let j be (-4)/b - (-3655)/45. What is the greatest common divisor of 9 and j?
9
Suppose -2*n = -5*r + 39, -6*n + 12 = -2*n. Let h = 13 - -10. Suppose t - 40 = h. Calculate the greatest common divisor of r and t.
9
Suppose 2*q - 5 = q. Suppose q*l - 4*p - 94 = 0, 5*l - 16 - 86 = 2*p. What is the highest common divisor of l and 11?
11
Let y = 303 - 168. Let w(c) = -15*c**3 - c**2 - c. Let v be w(-1). Calculate the greatest common factor of v and y.
15
Let d be 30/12 + 2/4. Suppose d + 1 = 2*x. Suppose 4*j - 142 = -5*l, -x*l = 2*j - 0*l - 70. Calculate the highest common factor of j and 11.
11
Let z be 176/(-6)*(-15)/10. Suppose -4*t + 0*t = -z. What is the greatest common divisor of t and 11?
11
Suppose 31 = 3*l - 14. Calculate the highest common divisor of l and 60.
15
Suppose 2*v - 5*v - 3 = 0. Let b(n) = -30*n. Let y be b(v). What is the greatest common factor of y and 20?
10
Let j = 155 - -21. Suppose -84 = -4*u + j. What is the highest common divisor of u and 13?
13
Let v be -1*(44/(-4) + -1). Calculate the highest common factor of v and 60.
12
Suppose 0 = 2*v - 84 - 16. Suppose -2*y + 84 = 4*q, 0*y + 5*y = 10. Calculate the highest common factor of v and q.
10
Let b be ((-8)/4*3)/((-3)/4). What is the highest common divisor of 56 and b?
8
Suppose 212 = -5*u + 912. Calculate the highest common divisor of 28 and u.
28
Let n(b) = 2*b - 1. Let r be n(1). Suppose 0 = -d + 7. Let y = r + d. What is the highest common factor of 16 and y?
8
Let l(q) = 11*q + 5 + 1 + 3*q**2 + 0 - 4*q**2. Let z be l(6). Let g be 4/18 - (-3232)/z. Calculate the highest common factor of 18 and g.
18
Suppose 9 = 2*p - s + 2*s, 3*p - 14 = -s. What is the highest common divisor of 1 and p?
1
Suppose 11 = 4*u - 3*u. Suppose -4*d - u = -w - 0*d, -3*d = -3*w + 42. Calculate the greatest common divisor of 120 and w.
15
Let d = -28 - -40. What is the highest common factor of 132 and d?
12
Let q(j) = j**3 + 6*j**2 - 3*j - 3. Let z be q(-5). What is the greatest common factor of z and 37?
37
Suppose -3*s + 5*f + 12 = 0, 3*f - 2*f = -2*s + 8. Calculate the highest common divisor of 1 and s.
1
Let i = 113 + -83. Suppose -y - 4*r = -11, -4*y - 5*r + 54 + 1 = 0. Calculate the greatest common divisor of y and i.
15
Let c(x) = 8*x - 4. Let y(j) = -j - 1. Let h be y(-5). Let g be c(h). What is the greatest common divisor of g and 4?
4
Let f(i) = i - 1. Let b be f(5). Let l be b/6 + (-32)/(-6). Let c = 18 - -30. Calculate the highest common factor of l and c.
6
Let u be (-6)/(1 - 3) + -2. Suppose -u = -y, 3*o - 4*y - 36 = -o. Calculate the greatest common factor of o and 30.
10
Let m(w) = 2 - 91*w - 75*w - 5 + 2. Let a be m(-1). Calculate the highest common factor of 15 and a.
15
Let d = -110 + 118. Let b be 2 - 1 - (-39)/1. What is the greatest common divisor of b and d?
8
Let m = 26 + -6. Let y be 1/(-3) + 31/3. Let q = 14 - y. Calculate the highest common factor of m and q.
4
Let p be 23*-1*1/(-1). What is the greatest common divisor of p and 23?
23
Let m(q) = 0*q + 0*q + 2*q + 1 - 2*q**2. Let s be m(-1). Let k = 2 - s. Calculate the greatest common divisor of k and 35.
5
Let g be ((-3)/24*-20)/(2/76). What is the greatest common factor of 57 and g?
19
Let x(b) = -17*b**3 + b**2 + b + 1. Let z be x(-1). What is the greatest common divisor of z and 144?
18
Let l = 22 - 21. What is the greatest common divisor of 1 and l?
1
Suppose -p = -2*p + 6. What is the highest common divisor of p and 4?
2
Let w be (-424)/(-12) + (-2)/6. Let k = 6 + -3. Suppose k*a - 25 = -4. What is the highest common factor of w and a?
7
Let d be ((-6)/4)/(9/(-24)). Let o(n) = -n**3 - 2*n**2 - n + 32. Let m be o(0). What is the highest common divisor of m and d?
4
Let f be 8/2*16/4. Suppose 2*t + 2 = f. What is the highest common factor of 49 and t?
7
Let c be (-810)/(-9) - (0 - 1). Suppose 4*u - 5*t + 12 = 39, 5*u + t = 70. Calculate the greatest common factor of c and u.
13
Let r(n) = -2*n - 6. Let f be r(-4). Suppose 6*o = 2*o - 84. Let p = o + 31. Calculate the greatest common divisor of p and f.
2
Let m be 3 - (-2 + 6 - 17). What is the highest common factor of 128 and m?
16
Suppose -2*l + 314 = 74. Suppose -3*m - 2*m = -l. Calculate the highest common factor of m and 16.
8
Let k be 2/(-2) + 2 + 14. Let p(q) = -23*q - 3. Let b be p(-5). Let w = b - 67. What is the greatest common factor of k and w?
15
Let k be (2 - -8)*(-2)/(-5). Suppose -p = k*p - 720. Calculate the greatest common factor of p and 16.
16
Suppose 15*m = 12*m + 9. Suppose m*j + 4 - 10 = 0. What is the highest common factor of 16 and j?
2
Let n = 44 - 26. Let g(q) = 6*q. Let p be g(12). What is the highest common divisor of n and p?
18
Let y(l) = l**2 + 6*l + 6. Let o be y(-4). Let c be 0 - o/((-4)/(-22)). Calculate the highest common factor of c and 99.
11
Suppose -x = 2*g - 115, 0 = 4*g + x + 3*x - 220. Let c = -15 + 27. What is the greatest common factor of g and c?
1